{"id":701,"date":"2022-06-06T10:32:12","date_gmt":"2022-06-06T10:32:12","guid":{"rendered":"https:\/\/kadence.pixel-show.com\/cleaning-services\/?page_id=6"},"modified":"2025-12-14T15:00:12","modified_gmt":"2025-12-14T15:00:12","slug":"home","status":"publish","type":"page","link":"https:\/\/www.nonegative.fi\/","title":{"rendered":"Etusivu"},"content":{"rendered":"<style>.wp-block-kadence-advancedgallery .kb-gallery-type-grid.kb-gallery-id-701_2674f8-1c{margin:-0px;}.kb-gallery-type-grid.kb-gallery-id-701_2674f8-1c .kadence-blocks-gallery-item{padding:0px;}.kb-gallery-id-701_2674f8-1c .kadence-blocks-gallery-item .kb-gal-image-radius, .kb-gallery-id-701_2674f8-1c .kb-slide-item .kb-gal-image-radius img{border-radius:0px 0px 0px 0px;;}<\/style><div class=\"kb-gallery-wrap-id-701_2674f8-1c alignnone wp-block-kadence-advancedgallery\"><ul class=\"kb-gallery-ul kb-gallery-non-static kb-gallery-type-grid kb-gallery-id-701_2674f8-1c kb-gallery-caption-style-bottom-hover kb-gallery-filter-none kb-gallery-magnific-init\" data-image-filter=\"none\" data-item-selector=\".kadence-blocks-gallery-item\" data-lightbox-caption=\"false\" data-columns-xxl=\"2\" data-columns-xl=\"2\" data-columns-md=\"2\" data-columns-sm=\"2\" data-columns-xs=\"1\" data-columns-ss=\"1\"><li class=\"kadence-blocks-gallery-item\"><div class=\"kadence-blocks-gallery-item-inner\"><figure class=\"kb-gallery-figure kb-gallery-item-has-link kadence-blocks-gallery-item-hide-caption\"><a href=\"https:\/\/www.nonegative.fi\/wp-content\/uploads\/2024\/03\/nonegative1.jpg\" class=\"kb-gallery-item-link\"  ><div class=\"kb-gal-image-radius\"><div class=\"kb-gallery-image-contain kadence-blocks-gallery-intrinsic kb-gallery-image-ratio-square kb-has-image-ratio-square\" ><img loading=\"lazy\" decoding=\"async\" src=\"https:\/\/www.nonegative.fi\/wp-content\/uploads\/2024\/03\/nonegative1-1024x669.jpg\" width=\"1024\" height=\"669\" alt=\"\" data-full-image=\"https:\/\/www.nonegative.fi\/wp-content\/uploads\/2024\/03\/nonegative1.jpg\" data-light-image=\"https:\/\/www.nonegative.fi\/wp-content\/uploads\/2024\/03\/nonegative1.jpg\" data-id=\"36\" class=\"wp-image-36\" srcset=\"https:\/\/www.nonegative.fi\/wp-content\/uploads\/2024\/03\/nonegative1-1024x669.jpg 1024w, https:\/\/www.nonegative.fi\/wp-content\/uploads\/2024\/03\/nonegative1-300x196.jpg 300w, https:\/\/www.nonegative.fi\/wp-content\/uploads\/2024\/03\/nonegative1-768x502.jpg 768w, https:\/\/www.nonegative.fi\/wp-content\/uploads\/2024\/03\/nonegative1-1536x1004.jpg 1536w, https:\/\/www.nonegative.fi\/wp-content\/uploads\/2024\/03\/nonegative1.jpg 1600w\" sizes=\"auto, (max-width: 1024px) 100vw, 1024px\" \/><\/div><\/div><\/a><\/figure><\/div><\/li><li class=\"kadence-blocks-gallery-item\"><div class=\"kadence-blocks-gallery-item-inner\"><figure class=\"kb-gallery-figure kb-gallery-item-has-link kadence-blocks-gallery-item-hide-caption\"><a href=\"https:\/\/www.nonegative.fi\/wp-content\/uploads\/2024\/03\/nonegative2.png\" class=\"kb-gallery-item-link\"  ><div class=\"kb-gal-image-radius\"><div class=\"kb-gallery-image-contain kadence-blocks-gallery-intrinsic kb-gallery-image-ratio-square kb-has-image-ratio-square\" ><img loading=\"lazy\" decoding=\"async\" src=\"https:\/\/www.nonegative.fi\/wp-content\/uploads\/2024\/03\/nonegative2-1024x693.png\" width=\"1024\" height=\"693\" alt=\"\" data-full-image=\"https:\/\/www.nonegative.fi\/wp-content\/uploads\/2024\/03\/nonegative2.png\" data-light-image=\"https:\/\/www.nonegative.fi\/wp-content\/uploads\/2024\/03\/nonegative2.png\" data-id=\"35\" class=\"wp-image-35\" srcset=\"https:\/\/www.nonegative.fi\/wp-content\/uploads\/2024\/03\/nonegative2-1024x693.png 1024w, https:\/\/www.nonegative.fi\/wp-content\/uploads\/2024\/03\/nonegative2-300x203.png 300w, https:\/\/www.nonegative.fi\/wp-content\/uploads\/2024\/03\/nonegative2-768x520.png 768w, https:\/\/www.nonegative.fi\/wp-content\/uploads\/2024\/03\/nonegative2.png 1095w\" sizes=\"auto, (max-width: 1024px) 100vw, 1024px\" \/><\/div><\/div><\/a><\/figure><\/div><\/li><li class=\"kadence-blocks-gallery-item\"><div class=\"kadence-blocks-gallery-item-inner\"><figure class=\"kb-gallery-figure kb-gallery-item-has-link kadence-blocks-gallery-item-hide-caption\"><a href=\"https:\/\/www.nonegative.fi\/wp-content\/uploads\/2024\/03\/nonegative3.jpg\" class=\"kb-gallery-item-link\"  ><div class=\"kb-gal-image-radius\"><div class=\"kb-gallery-image-contain kadence-blocks-gallery-intrinsic kb-gallery-image-ratio-square kb-has-image-ratio-square\" ><img loading=\"lazy\" decoding=\"async\" src=\"https:\/\/www.nonegative.fi\/wp-content\/uploads\/2024\/03\/nonegative3-1024x683.jpg\" width=\"1024\" height=\"683\" alt=\"\" data-full-image=\"https:\/\/www.nonegative.fi\/wp-content\/uploads\/2024\/03\/nonegative3.jpg\" data-light-image=\"https:\/\/www.nonegative.fi\/wp-content\/uploads\/2024\/03\/nonegative3.jpg\" data-id=\"27\" class=\"wp-image-27\" srcset=\"https:\/\/www.nonegative.fi\/wp-content\/uploads\/2024\/03\/nonegative3-1024x683.jpg 1024w, https:\/\/www.nonegative.fi\/wp-content\/uploads\/2024\/03\/nonegative3-300x200.jpg 300w, https:\/\/www.nonegative.fi\/wp-content\/uploads\/2024\/03\/nonegative3-768x512.jpg 768w, https:\/\/www.nonegative.fi\/wp-content\/uploads\/2024\/03\/nonegative3.jpg 1536w\" sizes=\"auto, (max-width: 1024px) 100vw, 1024px\" \/><\/div><\/div><\/a><\/figure><\/div><\/li><li class=\"kadence-blocks-gallery-item\"><div class=\"kadence-blocks-gallery-item-inner\"><figure class=\"kb-gallery-figure kb-gallery-item-has-link kadence-blocks-gallery-item-hide-caption\"><a href=\"https:\/\/www.nonegative.fi\/wp-content\/uploads\/2025\/12\/stubb21.jpg\" class=\"kb-gallery-item-link\"  ><div class=\"kb-gal-image-radius\"><div class=\"kb-gallery-image-contain kadence-blocks-gallery-intrinsic kb-gallery-image-ratio-square kb-has-image-ratio-square\" ><img loading=\"lazy\" decoding=\"async\" src=\"https:\/\/www.nonegative.fi\/wp-content\/uploads\/2025\/12\/stubb21-1024x728.jpg\" width=\"1024\" height=\"728\" alt=\"\" data-full-image=\"https:\/\/www.nonegative.fi\/wp-content\/uploads\/2025\/12\/stubb21.jpg\" data-light-image=\"https:\/\/www.nonegative.fi\/wp-content\/uploads\/2025\/12\/stubb21.jpg\" data-id=\"978\" class=\"wp-image-978\" srcset=\"https:\/\/www.nonegative.fi\/wp-content\/uploads\/2025\/12\/stubb21-1024x728.jpg 1024w, https:\/\/www.nonegative.fi\/wp-content\/uploads\/2025\/12\/stubb21-300x213.jpg 300w, https:\/\/www.nonegative.fi\/wp-content\/uploads\/2025\/12\/stubb21-768x546.jpg 768w, https:\/\/www.nonegative.fi\/wp-content\/uploads\/2025\/12\/stubb21-1536x1092.jpg 1536w, https:\/\/www.nonegative.fi\/wp-content\/uploads\/2025\/12\/stubb21.jpg 1629w\" sizes=\"auto, (max-width: 1024px) 100vw, 1024px\" \/><\/div><\/div><\/a><\/figure><\/div><\/li><li class=\"kadence-blocks-gallery-item\"><div class=\"kadence-blocks-gallery-item-inner\"><figure class=\"kb-gallery-figure kb-gallery-item-has-link kadence-blocks-gallery-item-hide-caption\"><a href=\"https:\/\/www.nonegative.fi\/wp-content\/uploads\/2024\/03\/nonegative5.jpg\" class=\"kb-gallery-item-link\"  ><div class=\"kb-gal-image-radius\"><div class=\"kb-gallery-image-contain kadence-blocks-gallery-intrinsic kb-gallery-image-ratio-square kb-has-image-ratio-square\" ><img loading=\"lazy\" decoding=\"async\" src=\"https:\/\/www.nonegative.fi\/wp-content\/uploads\/2024\/03\/nonegative5-1024x682.jpg\" width=\"1024\" height=\"682\" alt=\"\" data-full-image=\"https:\/\/www.nonegative.fi\/wp-content\/uploads\/2024\/03\/nonegative5.jpg\" data-light-image=\"https:\/\/www.nonegative.fi\/wp-content\/uploads\/2024\/03\/nonegative5.jpg\" data-id=\"33\" class=\"wp-image-33\" srcset=\"https:\/\/www.nonegative.fi\/wp-content\/uploads\/2024\/03\/nonegative5-1024x682.jpg 1024w, https:\/\/www.nonegative.fi\/wp-content\/uploads\/2024\/03\/nonegative5-300x200.jpg 300w, https:\/\/www.nonegative.fi\/wp-content\/uploads\/2024\/03\/nonegative5-768x511.jpg 768w, https:\/\/www.nonegative.fi\/wp-content\/uploads\/2024\/03\/nonegative5.jpg 1232w\" sizes=\"auto, (max-width: 1024px) 100vw, 1024px\" \/><\/div><\/div><\/a><\/figure><\/div><\/li><li class=\"kadence-blocks-gallery-item\"><div class=\"kadence-blocks-gallery-item-inner\"><figure class=\"kb-gallery-figure kb-gallery-item-has-link kadence-blocks-gallery-item-hide-caption\"><a href=\"https:\/\/www.nonegative.fi\/wp-content\/uploads\/2024\/03\/nonegative6.jpg\" class=\"kb-gallery-item-link\"  ><div class=\"kb-gal-image-radius\"><div class=\"kb-gallery-image-contain kadence-blocks-gallery-intrinsic kb-gallery-image-ratio-square kb-has-image-ratio-square\" ><img loading=\"lazy\" decoding=\"async\" src=\"https:\/\/www.nonegative.fi\/wp-content\/uploads\/2024\/03\/nonegative6-1024x683.jpg\" width=\"1024\" height=\"683\" alt=\"\" data-full-image=\"https:\/\/www.nonegative.fi\/wp-content\/uploads\/2024\/03\/nonegative6.jpg\" data-light-image=\"https:\/\/www.nonegative.fi\/wp-content\/uploads\/2024\/03\/nonegative6.jpg\" data-id=\"32\" class=\"wp-image-32\" srcset=\"https:\/\/www.nonegative.fi\/wp-content\/uploads\/2024\/03\/nonegative6-1024x683.jpg 1024w, https:\/\/www.nonegative.fi\/wp-content\/uploads\/2024\/03\/nonegative6-300x200.jpg 300w, https:\/\/www.nonegative.fi\/wp-content\/uploads\/2024\/03\/nonegative6-768x512.jpg 768w, https:\/\/www.nonegative.fi\/wp-content\/uploads\/2024\/03\/nonegative6.jpg 1392w\" sizes=\"auto, (max-width: 1024px) 100vw, 1024px\" \/><\/div><\/div><\/a><\/figure><\/div><\/li><li class=\"kadence-blocks-gallery-item\"><div class=\"kadence-blocks-gallery-item-inner\"><figure class=\"kb-gallery-figure kb-gallery-item-has-link kadence-blocks-gallery-item-hide-caption\"><a href=\"https:\/\/www.nonegative.fi\/wp-content\/uploads\/2024\/03\/nonegative8.jpg\" class=\"kb-gallery-item-link\"  ><div class=\"kb-gal-image-radius\"><div class=\"kb-gallery-image-contain kadence-blocks-gallery-intrinsic kb-gallery-image-ratio-square kb-has-image-ratio-square\" ><img loading=\"lazy\" decoding=\"async\" src=\"https:\/\/www.nonegative.fi\/wp-content\/uploads\/2024\/03\/nonegative8-1024x629.jpg\" width=\"1024\" height=\"629\" alt=\"\" data-full-image=\"https:\/\/www.nonegative.fi\/wp-content\/uploads\/2024\/03\/nonegative8.jpg\" data-light-image=\"https:\/\/www.nonegative.fi\/wp-content\/uploads\/2024\/03\/nonegative8.jpg\" data-id=\"31\" class=\"wp-image-31\" srcset=\"https:\/\/www.nonegative.fi\/wp-content\/uploads\/2024\/03\/nonegative8-1024x629.jpg 1024w, https:\/\/www.nonegative.fi\/wp-content\/uploads\/2024\/03\/nonegative8-300x184.jpg 300w, https:\/\/www.nonegative.fi\/wp-content\/uploads\/2024\/03\/nonegative8-768x472.jpg 768w, https:\/\/www.nonegative.fi\/wp-content\/uploads\/2024\/03\/nonegative8-1536x944.jpg 1536w, https:\/\/www.nonegative.fi\/wp-content\/uploads\/2024\/03\/nonegative8.jpg 1540w\" sizes=\"auto, (max-width: 1024px) 100vw, 1024px\" \/><\/div><\/div><\/a><\/figure><\/div><\/li><li class=\"kadence-blocks-gallery-item\"><div class=\"kadence-blocks-gallery-item-inner\"><figure class=\"kb-gallery-figure kb-gallery-item-has-link kadence-blocks-gallery-item-hide-caption\"><a href=\"https:\/\/www.nonegative.fi\/wp-content\/uploads\/2024\/03\/nonegative9.jpg\" class=\"kb-gallery-item-link\"  ><div class=\"kb-gal-image-radius\"><div class=\"kb-gallery-image-contain kadence-blocks-gallery-intrinsic kb-gallery-image-ratio-square kb-has-image-ratio-square\" ><img loading=\"lazy\" decoding=\"async\" src=\"https:\/\/www.nonegative.fi\/wp-content\/uploads\/2024\/03\/nonegative9.jpg\" width=\"568\" height=\"837\" alt=\"\" data-full-image=\"https:\/\/www.nonegative.fi\/wp-content\/uploads\/2024\/03\/nonegative9.jpg\" data-light-image=\"https:\/\/www.nonegative.fi\/wp-content\/uploads\/2024\/03\/nonegative9.jpg\" data-id=\"30\" class=\"wp-image-30\" srcset=\"https:\/\/www.nonegative.fi\/wp-content\/uploads\/2024\/03\/nonegative9.jpg 568w, https:\/\/www.nonegative.fi\/wp-content\/uploads\/2024\/03\/nonegative9-204x300.jpg 204w\" sizes=\"auto, (max-width: 568px) 100vw, 568px\" \/><\/div><\/div><\/a><\/figure><\/div><\/li><li class=\"kadence-blocks-gallery-item\"><div class=\"kadence-blocks-gallery-item-inner\"><figure class=\"kb-gallery-figure kb-gallery-item-has-link kadence-blocks-gallery-item-hide-caption\"><a href=\"https:\/\/www.nonegative.fi\/wp-content\/uploads\/2024\/03\/nonegative10.jpg\" class=\"kb-gallery-item-link\"  ><div class=\"kb-gal-image-radius\"><div class=\"kb-gallery-image-contain kadence-blocks-gallery-intrinsic kb-gallery-image-ratio-square kb-has-image-ratio-square\" ><img loading=\"lazy\" decoding=\"async\" src=\"https:\/\/www.nonegative.fi\/wp-content\/uploads\/2024\/03\/nonegative10-715x1024.jpg\" width=\"715\" height=\"1024\" alt=\"\" data-full-image=\"https:\/\/www.nonegative.fi\/wp-content\/uploads\/2024\/03\/nonegative10.jpg\" data-light-image=\"https:\/\/www.nonegative.fi\/wp-content\/uploads\/2024\/03\/nonegative10.jpg\" data-id=\"29\" class=\"wp-image-29\" srcset=\"https:\/\/www.nonegative.fi\/wp-content\/uploads\/2024\/03\/nonegative10-715x1024.jpg 715w, https:\/\/www.nonegative.fi\/wp-content\/uploads\/2024\/03\/nonegative10-209x300.jpg 209w, https:\/\/www.nonegative.fi\/wp-content\/uploads\/2024\/03\/nonegative10.jpg 756w\" sizes=\"auto, (max-width: 715px) 100vw, 715px\" \/><\/div><\/div><\/a><\/figure><\/div><\/li><li class=\"kadence-blocks-gallery-item\"><div class=\"kadence-blocks-gallery-item-inner\"><figure class=\"kb-gallery-figure kb-gallery-item-has-link kadence-blocks-gallery-item-hide-caption\"><a href=\"https:\/\/www.nonegative.fi\/wp-content\/uploads\/2024\/03\/nonegative11.jpg\" class=\"kb-gallery-item-link\"  ><div class=\"kb-gal-image-radius\"><div class=\"kb-gallery-image-contain kadence-blocks-gallery-intrinsic kb-gallery-image-ratio-square kb-has-image-ratio-square\" ><img loading=\"lazy\" decoding=\"async\" src=\"https:\/\/www.nonegative.fi\/wp-content\/uploads\/2024\/03\/nonegative11-1024x679.jpg\" width=\"1024\" height=\"679\" alt=\"\" data-full-image=\"https:\/\/www.nonegative.fi\/wp-content\/uploads\/2024\/03\/nonegative11.jpg\" data-light-image=\"https:\/\/www.nonegative.fi\/wp-content\/uploads\/2024\/03\/nonegative11.jpg\" data-id=\"28\" class=\"wp-image-28\" srcset=\"https:\/\/www.nonegative.fi\/wp-content\/uploads\/2024\/03\/nonegative11-1024x679.jpg 1024w, https:\/\/www.nonegative.fi\/wp-content\/uploads\/2024\/03\/nonegative11-300x199.jpg 300w, https:\/\/www.nonegative.fi\/wp-content\/uploads\/2024\/03\/nonegative11-768x509.jpg 768w, https:\/\/www.nonegative.fi\/wp-content\/uploads\/2024\/03\/nonegative11.jpg 1381w\" sizes=\"auto, (max-width: 1024px) 100vw, 1024px\" \/><\/div><\/div><\/a><\/figure><\/div><\/li><\/ul><\/div>\n\n<style>.kb-row-layout-id701_b596cb-2a > .kt-row-column-wrap{align-content:start;}:where(.kb-row-layout-id701_b596cb-2a > .kt-row-column-wrap) > .wp-block-kadence-column{justify-content:start;}.kb-row-layout-id701_b596cb-2a > .kt-row-column-wrap{column-gap:var(--global-kb-gap-md, 2rem);row-gap:var(--global-kb-gap-md, 2rem);max-width:var( --global-content-width, 1290px );padding-left:var(--global-content-edge-padding);padding-right:var(--global-content-edge-padding);padding-top:var(--global-kb-spacing-3xl, 6.5rem);padding-bottom:var(--global-kb-spacing-xxs, 0.5rem);grid-template-columns:minmax(0, calc(70% - ((var(--global-kb-gap-md, 2rem) * 1 )\/2)))minmax(0, calc(30% - ((var(--global-kb-gap-md, 2rem) * 1 )\/2)));}.kb-row-layout-id701_b596cb-2a > .kt-row-layout-overlay{opacity:0.80;}.kb-row-layout-id701_b596cb-2a ,.kb-row-layout-id701_b596cb-2a h1,.kb-row-layout-id701_b596cb-2a h2,.kb-row-layout-id701_b596cb-2a h3,.kb-row-layout-id701_b596cb-2a h4,.kb-row-layout-id701_b596cb-2a h5,.kb-row-layout-id701_b596cb-2a h6{color:var(--global-palette3, #1A202C);}.kb-row-layout-id701_b596cb-2a a{color:var(--global-palette4, #2D3748);}.kb-row-layout-id701_b596cb-2a a:hover{color:var(--global-palette5, #4A5568);}@media all and (max-width: 1024px){.kb-row-layout-id701_b596cb-2a > .kt-row-column-wrap{grid-template-columns:minmax(0, 1fr);}}@media all and (max-width: 767px){.kb-row-layout-id701_b596cb-2a > .kt-row-column-wrap{padding-top:var(--global-kb-spacing-xl, 4rem);grid-template-columns:minmax(0, 1fr);}}<\/style><div class=\"kb-row-layout-wrap kb-row-layout-id701_b596cb-2a aligncenter wp-block-kadence-rowlayout\"><div class=\"kt-row-column-wrap kt-has-2-columns kt-row-layout-equal kt-tab-layout-row kt-mobile-layout-row kt-row-valign-top kb-theme-content-width\">\n<style>.kadence-column701_1f31fe-3d > .kt-inside-inner-col,.kadence-column701_1f31fe-3d > .kt-inside-inner-col:before{border-top-left-radius:0px;border-top-right-radius:0px;border-bottom-right-radius:0px;border-bottom-left-radius:0px;}.kadence-column701_1f31fe-3d > .kt-inside-inner-col{column-gap:var(--global-kb-gap-sm, 1rem);}.kadence-column701_1f31fe-3d > .kt-inside-inner-col{flex-direction:column;}.kadence-column701_1f31fe-3d > .kt-inside-inner-col > .aligncenter{width:100%;}.kadence-column701_1f31fe-3d > .kt-inside-inner-col:before{opacity:0.3;}.kadence-column701_1f31fe-3d{position:relative;}@media all and (max-width: 1024px){.kadence-column701_1f31fe-3d > .kt-inside-inner-col{flex-direction:column;justify-content:center;}}@media all and (max-width: 767px){.kadence-column701_1f31fe-3d > .kt-inside-inner-col{flex-direction:column;justify-content:center;}}<\/style>\n<div class=\"wp-block-kadence-column kadence-column701_1f31fe-3d\"><div class=\"kt-inside-inner-col\"><style>.kb-image701_558713-20.kb-image-is-ratio-size, .kb-image701_558713-20 .kb-image-is-ratio-size{max-width:245px;width:100%;}.wp-block-kadence-column > .kt-inside-inner-col > .kb-image701_558713-20.kb-image-is-ratio-size, .wp-block-kadence-column > .kt-inside-inner-col > .kb-image701_558713-20 .kb-image-is-ratio-size{align-self:unset;}.kb-image701_558713-20{max-width:245px;}.image-is-svg.kb-image701_558713-20{-webkit-flex:0 1 100%;flex:0 1 100%;}.image-is-svg.kb-image701_558713-20 img{width:100%;}.kb-image701_558713-20 .kb-image-has-overlay:after{opacity:0.3;}<\/style>\n<figure class=\"wp-block-kadence-image kb-image701_558713-20 size-full\"><img loading=\"lazy\" decoding=\"async\" width=\"418\" height=\"325\" src=\"https:\/\/nonegative.fi\/wp-content\/uploads\/2024\/03\/nONEGATIVELOGO.png\" alt=\"\" class=\"kb-img wp-image-37\" srcset=\"https:\/\/www.nonegative.fi\/wp-content\/uploads\/2024\/03\/nONEGATIVELOGO.png 418w, https:\/\/www.nonegative.fi\/wp-content\/uploads\/2024\/03\/nONEGATIVELOGO-300x233.png 300w\" sizes=\"auto, (max-width: 418px) 100vw, 418px\" \/><\/figure>\n\n\n<style>.wp-block-kadence-spacer.kt-block-spacer-701_f64d43-0a .kt-block-spacer{height:35px;}.wp-block-kadence-spacer.kt-block-spacer-701_f64d43-0a .kt-divider{border-top-width:1px;height:1px;border-top-color:var(--global-palette9, #ffffff);width:100%;border-top-style:solid;}<\/style>\n<div class=\"wp-block-kadence-spacer aligncenter kt-block-spacer-701_f64d43-0a\"><div class=\"kt-block-spacer kt-block-spacer-halign-center\"><hr class=\"kt-divider\"\/><\/div><\/div>\n\n\n<style>.wp-block-kadence-advancedheading.kt-adv-heading701_ba1b19-10, .wp-block-kadence-advancedheading.kt-adv-heading701_ba1b19-10[data-kb-block=\"kb-adv-heading701_ba1b19-10\"]{text-align:left;font-size:16px;font-style:normal;color:#fdfcfc;background-color:#000000;}.wp-block-kadence-advancedheading.kt-adv-heading701_ba1b19-10 mark.kt-highlight, .wp-block-kadence-advancedheading.kt-adv-heading701_ba1b19-10[data-kb-block=\"kb-adv-heading701_ba1b19-10\"] mark.kt-highlight{font-style:normal;color:#f76a0c;-webkit-box-decoration-break:clone;box-decoration-break:clone;padding-top:0px;padding-right:0px;padding-bottom:0px;padding-left:0px;}@media all and (max-width: 1024px){.wp-block-kadence-advancedheading.kt-adv-heading701_ba1b19-10, .wp-block-kadence-advancedheading.kt-adv-heading701_ba1b19-10[data-kb-block=\"kb-adv-heading701_ba1b19-10\"]{text-align:center!important;}}@media all and (max-width: 767px){.wp-block-kadence-advancedheading.kt-adv-heading701_ba1b19-10, .wp-block-kadence-advancedheading.kt-adv-heading701_ba1b19-10[data-kb-block=\"kb-adv-heading701_ba1b19-10\"]{text-align:left!important;}}<\/style>\n<p class=\"kt-adv-heading701_ba1b19-10 wp-block-kadence-advancedheading\" data-kb-block=\"kb-adv-heading701_ba1b19-10\">No Negative Oy positiivisessa valossa I valokuvaus ja kuvajournalismi. Olen Kimmo Penttinen, helsinkil\u00e4inen ammattivalokuvaaja ja kuvajournalisti. Minulla on monipuolinen kokemus lehtikuvaajana sek\u00e4 Suomessa ett\u00e4 ulkomailla. Hoidan uutiset, urheilun, henkil\u00f6kuvauksen, milj\u00f6\u00f6-, kone-, tapahtuma- ja tuotekuvaukset. Olen toiminut uutiskuvaajana kansainv\u00e4lisiss\u00e4 konflikteissa ja uutistapahtumissa sek\u00e4 valtiovierailuilla. Teen my\u00f6s monikameravideotuotantoja. <br><br>L\u00e4ht\u00f6kohtana on aina kuvien, videoiden ja graafisen suunnittelun laadukas, ammattitaitoinen, nopea ja takuuvarma toimittaminen asiakkaalle. K\u00e4yt\u00f6ss\u00e4ni on huippuluokan Nikon-kamerakalusto ja monipuoliset objektiivit. Studiokuvaukset hoituvat my\u00f6s asiakkaan tiloissa.<br><br>Asiakkaitani ovat valokuvia, videoita ja grafiikkaa tarvitsevat:<br>Yritykset<br>Yhteis\u00f6t<br>Tapahtumat<br>Aikakauslehtien ja sanomalehtien toimitukset<br>Uutistoimistot, mainostoimistot ja viestint\u00e4toimistot<br>Kiinteist\u00f6nv\u00e4litt\u00e4j\u00e4t<br>Sisustussuunnittelijat<br>Teollisuus<br>Elokuva-ala<br>Verkkosivujen toteuttajat ja julkaisijat<br>Yksityishenkil\u00f6t<br><br>Olen ollut yritt\u00e4j\u00e4 ja freelancer No Negative Oy:ss\u00e4 vuodesta 2015, sit\u00e4 ennen ty\u00f6skentelin mm. Aamulehdess\u00e4. Kuvajournalismin erikoistumisopinnot olen suorittanut Lahden Muotoiluinstituutissa.<br><br>Toimeksiantoja hoidan niin kotimaassa kuin ulkomaillakin nuorekkaalla otteella, yli 30 vuoden kokemuksella. Ammattitaitooni luottaa mm. Helsingin Sanomat.<br><br>Ota yhteytt\u00e4, katsotaan kuinka voin auttaa. N\u00e4hd\u00e4\u00e4n yhdess\u00e4 asiat parhaassa valossa.<br><br><\/p>\n<\/div><\/div>\n\n\n<style>.kadence-column701_b7d0f1-d2 > .kt-inside-inner-col,.kadence-column701_b7d0f1-d2 > .kt-inside-inner-col:before{border-top-left-radius:0px;border-top-right-radius:0px;border-bottom-right-radius:0px;border-bottom-left-radius:0px;}.kadence-column701_b7d0f1-d2 > .kt-inside-inner-col{column-gap:var(--global-kb-gap-sm, 1rem);}.kadence-column701_b7d0f1-d2 > .kt-inside-inner-col{flex-direction:column;}.kadence-column701_b7d0f1-d2 > .kt-inside-inner-col > .aligncenter{width:100%;}.kadence-column701_b7d0f1-d2 > .kt-inside-inner-col:before{opacity:0.3;}.kadence-column701_b7d0f1-d2{position:relative;}@media all and (max-width: 1024px){.kadence-column701_b7d0f1-d2 > .kt-inside-inner-col{flex-direction:column;justify-content:center;}}@media all and (max-width: 767px){.kadence-column701_b7d0f1-d2 > .kt-inside-inner-col{flex-direction:column;justify-content:center;}}<\/style>\n<div class=\"wp-block-kadence-column kadence-column701_b7d0f1-d2 kvs-sm-false\"><div class=\"kt-inside-inner-col\"><style>.kb-row-layout-id701_f42c37-ca > .kt-row-column-wrap{align-content:start;}:where(.kb-row-layout-id701_f42c37-ca > .kt-row-column-wrap) > .wp-block-kadence-column{justify-content:start;}.kb-row-layout-id701_f42c37-ca > .kt-row-column-wrap{column-gap:var(--global-kb-gap-md, 2rem);row-gap:var(--global-kb-gap-md, 2rem);padding-top:0px;padding-right:0px;padding-bottom:0px;padding-left:0px;grid-template-columns:minmax(0, 1fr);}.kb-row-layout-id701_f42c37-ca > .kt-row-layout-overlay{opacity:0.30;}@media all and (max-width: 1024px){.kb-row-layout-id701_f42c37-ca > .kt-row-column-wrap{padding-right:var(--global-kb-spacing-4xl, 8rem);padding-left:var(--global-kb-spacing-4xl, 8rem);grid-template-columns:minmax(0, 1fr);}}@media all and (max-width: 767px){.kb-row-layout-id701_f42c37-ca > .kt-row-column-wrap{padding-right:0px;padding-left:0px;grid-template-columns:minmax(0, 1fr);}}<\/style><div class=\"kb-row-layout-wrap kb-row-layout-id701_f42c37-ca alignnone wp-block-kadence-rowlayout\"><div class=\"kt-row-column-wrap kt-has-1-columns kt-row-layout-equal kt-tab-layout-inherit kt-mobile-layout-row kt-row-valign-top\">\n<style>.kadence-column701_42d8a8-53 > .kt-inside-inner-col,.kadence-column701_42d8a8-53 > .kt-inside-inner-col:before{border-top-left-radius:0px;border-top-right-radius:0px;border-bottom-right-radius:0px;border-bottom-left-radius:0px;}.kadence-column701_42d8a8-53 > .kt-inside-inner-col{column-gap:var(--global-kb-gap-sm, 1rem);}.kadence-column701_42d8a8-53 > .kt-inside-inner-col{flex-direction:column;}.kadence-column701_42d8a8-53 > .kt-inside-inner-col > .aligncenter{width:100%;}.kadence-column701_42d8a8-53 > .kt-inside-inner-col:before{opacity:0.3;}.kadence-column701_42d8a8-53{position:relative;}@media all and (max-width: 1024px){.kadence-column701_42d8a8-53 > .kt-inside-inner-col{flex-direction:column;justify-content:center;}}@media all and (max-width: 767px){.kadence-column701_42d8a8-53 > .kt-inside-inner-col{flex-direction:column;justify-content:center;}}<\/style>\n<div class=\"wp-block-kadence-column kadence-column701_42d8a8-53\"><div class=\"kt-inside-inner-col\"><\/div><\/div>\n\n<\/div><\/div><\/div><\/div>\n\n<\/div><\/div>","protected":false},"excerpt":{"rendered":"<p>No Negative Oy positiivisessa valossa I valokuvaus ja kuvajournalismi. Olen Kimmo Penttinen, helsinkil\u00e4inen ammattivalokuvaaja ja kuvajournalisti. Minulla on monipuolinen kokemus lehtikuvaajana sek\u00e4 Suomessa ett\u00e4 ulkomailla. Hoidan uutiset, urheilun, henkil\u00f6kuvauksen, milj\u00f6\u00f6-, kone-, tapahtuma- ja tuotekuvaukset. Olen toiminut uutiskuvaajana kansainv\u00e4lisiss\u00e4 konflikteissa ja uutistapahtumissa sek\u00e4 valtiovierailuilla. Teen my\u00f6s monikameravideotuotantoja. L\u00e4ht\u00f6kohtana on aina kuvien, videoiden ja graafisen suunnittelun laadukas,&#8230;<\/p>\n","protected":false},"author":1,"featured_media":0,"parent":0,"menu_order":0,"comment_status":"closed","ping_status":"closed","template":"","meta":{"_kadence_starter_templates_imported_post":true,"_kad_post_transparent":"","_kad_post_title":"hide","_kad_post_layout":"fullwidth","_kad_post_sidebar_id":"","_kad_post_content_style":"unboxed","_kad_post_vertical_padding":"hide","_kad_post_feature":"hide","_kad_post_feature_position":"","_kad_post_header":false,"_kad_post_footer":false,"_kad_post_classname":"","footnotes":""},"class_list":["post-701","page","type-page","status-publish","hentry"],"_links":{"self":[{"href":"https:\/\/www.nonegative.fi\/index.php\/wp-json\/wp\/v2\/pages\/701","targetHints":{"allow":["GET"]}}],"collection":[{"href":"https:\/\/www.nonegative.fi\/index.php\/wp-json\/wp\/v2\/pages"}],"about":[{"href":"https:\/\/www.nonegative.fi\/index.php\/wp-json\/wp\/v2\/types\/page"}],"author":[{"embeddable":true,"href":"https:\/\/www.nonegative.fi\/index.php\/wp-json\/wp\/v2\/users\/1"}],"replies":[{"embeddable":true,"href":"https:\/\/www.nonegative.fi\/index.php\/wp-json\/wp\/v2\/comments?post=701"}],"version-history":[{"count":17,"href":"https:\/\/www.nonegative.fi\/index.php\/wp-json\/wp\/v2\/pages\/701\/revisions"}],"predecessor-version":[{"id":1012,"href":"https:\/\/www.nonegative.fi\/index.php\/wp-json\/wp\/v2\/pages\/701\/revisions\/1012"}],"wp:attachment":[{"href":"https:\/\/www.nonegative.fi\/index.php\/wp-json\/wp\/v2\/media?parent=701"}],"curies":[{"name":"wp","href":"https:\/\/api.w.org\/{rel}","templated":true}]}}