{"id":892,"date":"2024-03-22T13:14:53","date_gmt":"2024-03-22T13:14:53","guid":{"rendered":"https:\/\/nonegative.fi\/?page_id=892"},"modified":"2025-12-14T15:04:30","modified_gmt":"2025-12-14T15:04:30","slug":"ger","status":"publish","type":"page","link":"https:\/\/www.nonegative.fi\/index.php\/ger\/","title":{"rendered":"Ger"},"content":{"rendered":"<style>.kb-row-layout-id892_d03144-bd > .kt-row-column-wrap{align-content:center;}:where(.kb-row-layout-id892_d03144-bd > .kt-row-column-wrap) > .wp-block-kadence-column{justify-content:center;}.kb-row-layout-id892_d03144-bd > .kt-row-column-wrap{column-gap:var(--global-kb-gap-md, 2rem);row-gap:var(--global-kb-gap-md, 2rem);max-width:var( --global-content-width, 1290px );padding-left:var(--global-content-edge-padding);padding-right:var(--global-content-edge-padding);padding-top:var(--global-kb-spacing-xxl, 5rem);padding-right:var(--global-kb-spacing-5xl, 10rem);padding-bottom:var(--global-kb-spacing-lg, 3rem);padding-left:var(--global-kb-spacing-5xl, 10rem);grid-template-columns:minmax(0, 1fr);}.kb-row-layout-id892_d03144-bd{background-color:#000000;}.kb-row-layout-id892_d03144-bd > .kt-row-layout-overlay{opacity:0.30;mix-blend-mode:normal;}@media all and (max-width: 1024px){.kb-row-layout-id892_d03144-bd > .kt-row-column-wrap{grid-template-columns:minmax(0, 1fr);}}@media all and (max-width: 767px){.kb-row-layout-id892_d03144-bd > .kt-row-column-wrap{padding-right:0px;padding-left:0px;grid-template-columns:minmax(0, 1fr);}}<\/style><div class=\"kb-row-layout-wrap kb-row-layout-id892_d03144-bd alignfull kt-row-has-bg wp-block-kadence-rowlayout\"><div class=\"kt-row-column-wrap kt-has-1-columns kt-row-layout-equal kt-tab-layout-inherit kt-mobile-layout-row kt-row-valign-middle kb-theme-content-width\">\n<style>.kadence-column892_a1c05c-d5 > .kt-inside-inner-col,.kadence-column892_a1c05c-d5 > .kt-inside-inner-col:before{border-top-left-radius:0px;border-top-right-radius:0px;border-bottom-right-radius:0px;border-bottom-left-radius:0px;}.kadence-column892_a1c05c-d5 > .kt-inside-inner-col{column-gap:var(--global-kb-gap-sm, 1rem);}.kadence-column892_a1c05c-d5 > .kt-inside-inner-col{flex-direction:column;}.kadence-column892_a1c05c-d5 > .kt-inside-inner-col > .aligncenter{width:100%;}.kadence-column892_a1c05c-d5 > .kt-inside-inner-col:before{opacity:0.3;}.kadence-column892_a1c05c-d5{text-align:center;}.kadence-column892_a1c05c-d5{position:relative;}@media all and (max-width: 1024px){.kadence-column892_a1c05c-d5 > .kt-inside-inner-col{flex-direction:column;justify-content:center;}}@media all and (max-width: 767px){.kadence-column892_a1c05c-d5 > .kt-inside-inner-col{flex-direction:column;justify-content:center;}}<\/style>\n<div class=\"wp-block-kadence-column kadence-column892_a1c05c-d5 inner-column-1\"><div class=\"kt-inside-inner-col\"><style>.kb-image892_8fdb13-97.kb-image-is-ratio-size, .kb-image892_8fdb13-97 .kb-image-is-ratio-size{max-width:251px;width:100%;}.wp-block-kadence-column > .kt-inside-inner-col > .kb-image892_8fdb13-97.kb-image-is-ratio-size, .wp-block-kadence-column > .kt-inside-inner-col > .kb-image892_8fdb13-97 .kb-image-is-ratio-size{align-self:unset;}.kb-image892_8fdb13-97 figure{max-width:251px;}.kb-image892_8fdb13-97 .image-is-svg, .kb-image892_8fdb13-97 .image-is-svg img{width:100%;}.kb-image892_8fdb13-97 .kb-image-has-overlay:after{opacity:0.3;}<\/style>\n<div class=\"wp-block-kadence-image kb-image892_8fdb13-97\"><figure class=\"aligncenter size-full\"><img loading=\"lazy\" decoding=\"async\" width=\"880\" height=\"586\" src=\"https:\/\/nonegative.fi\/wp-content\/uploads\/2024\/03\/nonegative35.jpg\" alt=\"\" class=\"kb-img wp-image-847\" srcset=\"https:\/\/www.nonegative.fi\/wp-content\/uploads\/2024\/03\/nonegative35.jpg 880w, https:\/\/www.nonegative.fi\/wp-content\/uploads\/2024\/03\/nonegative35-300x200.jpg 300w, https:\/\/www.nonegative.fi\/wp-content\/uploads\/2024\/03\/nonegative35-768x511.jpg 768w\" sizes=\"auto, (max-width: 880px) 100vw, 880px\" \/><\/figure><\/div>\n\n\n<style>.wp-block-kadence-spacer.kt-block-spacer-892_7431b9-d5 .kt-block-spacer{height:20px;}.wp-block-kadence-spacer.kt-block-spacer-892_7431b9-d5 .kt-divider{border-top-width:1px;height:1px;border-top-color:#eee;width:44%;border-top-style:solid;}<\/style>\n<div class=\"wp-block-kadence-spacer aligncenter kt-block-spacer-892_7431b9-d5\"><div class=\"kt-block-spacer kt-block-spacer-halign-center\"><hr class=\"kt-divider\"\/><\/div><\/div>\n\n\n\n<p>positiv gesehen. Ich hei\u00dfe Kimmo Penttinen und ich bin ein Berufsfotograf und Fotojournalist aus Helsinki. Ich habe vielseitige Erfahrung von Fotografieren f\u00fcr Zeitungen sowohl in Finnland als auch im Ausland. Geht es um Nachrichten, Sportveranstaltungen, Personenpotraits, Events, Produkte &#8211; Ich bin ein eingeweihter Fotograf. Ich habe bei internationalen Konflikten und Staatsbesuchen fotografiert und Bilder f\u00fcr Nachrichten ermittelt. Multikameravideoaufnahmen geh\u00f6ren auch zu meinen Dienstleistungen.<br><br>Eine rasche und zuverl\u00e4ssige Lieferung meiner hochqualitativen und professionellen Bildern, Videoaufnahmen und grafischer Planung steht bei mir im Mittelpunkt. Bei meiner Arbeit setzte ich meine hochqualitativen Nikon-Kamera-Ausr\u00fcstung mit vielseitigen Objektiven ein. Aber ich mache Photoshootings auch bei Kunden.<br><br>Meine Kunden kommen u.a aus folgenden Branchen:<br>verschiedene Firmen<br>Gemeinschaften<br>Veranstaltungen<br>Redakteure von Zeitschriften und Zeitungen<br>Nachrichtenagenture, Werbung und Kommunikation<br>Immobilienagenture<br>Innenarchitekte<br>Industrie<br>Filmindustrie<br>Webdesigner<br>Privatpersonen<br><br>Ich bin ein selbstst\u00e4ndiger Untenehmer und Freelancer bei NoNegative seit 2015. Vor der Gr\u00fcndung meiner eigenen Firma war ich u.a. in der finnischen Zeitung \u201cAamulehti\u201d t\u00e4tig. Das Studium f\u00fcr Bildjournalistik habe ich am Insitut f\u00fcr Design und Fine Arts, Lahti absolviert. Ich erf\u00fclle Ihre Auftr\u00e4ge mit jugendlicher Touch aber mit 30-j\u00e4hriger Erfahrung sowohl in Finnland als auch im Ausland. Auch die gr\u00f6sste finnische Zeitung \u201cHelsingin Sanomat\u201d verl\u00e4sst sich auf meine beruflichen Kenntnisse.<\/p>\n<\/div><\/div>\n\n<\/div><\/div>","protected":false},"excerpt":{"rendered":"<p>positiv gesehen. Ich hei\u00dfe Kimmo Penttinen und ich bin ein Berufsfotograf und Fotojournalist aus Helsinki. Ich habe vielseitige Erfahrung von Fotografieren f\u00fcr Zeitungen sowohl in Finnland als auch im Ausland. Geht es um Nachrichten, Sportveranstaltungen, Personenpotraits, Events, Produkte &#8211; Ich bin ein eingeweihter Fotograf. Ich habe bei internationalen Konflikten und Staatsbesuchen fotografiert und Bilder f\u00fcr&#8230;<\/p>\n","protected":false},"author":1,"featured_media":0,"parent":0,"menu_order":0,"comment_status":"closed","ping_status":"closed","template":"","meta":{"_kadence_starter_templates_imported_post":false,"_kad_post_transparent":"enable","_kad_post_title":"hide","_kad_post_layout":"","_kad_post_sidebar_id":"","_kad_post_content_style":"","_kad_post_vertical_padding":"","_kad_post_feature":"","_kad_post_feature_position":"","_kad_post_header":false,"_kad_post_footer":false,"_kad_post_classname":"","footnotes":""},"class_list":["post-892","page","type-page","status-publish","hentry"],"_links":{"self":[{"href":"https:\/\/www.nonegative.fi\/index.php\/wp-json\/wp\/v2\/pages\/892","targetHints":{"allow":["GET"]}}],"collection":[{"href":"https:\/\/www.nonegative.fi\/index.php\/wp-json\/wp\/v2\/pages"}],"about":[{"href":"https:\/\/www.nonegative.fi\/index.php\/wp-json\/wp\/v2\/types\/page"}],"author":[{"embeddable":true,"href":"https:\/\/www.nonegative.fi\/index.php\/wp-json\/wp\/v2\/users\/1"}],"replies":[{"embeddable":true,"href":"https:\/\/www.nonegative.fi\/index.php\/wp-json\/wp\/v2\/comments?post=892"}],"version-history":[{"count":4,"href":"https:\/\/www.nonegative.fi\/index.php\/wp-json\/wp\/v2\/pages\/892\/revisions"}],"predecessor-version":[{"id":1017,"href":"https:\/\/www.nonegative.fi\/index.php\/wp-json\/wp\/v2\/pages\/892\/revisions\/1017"}],"wp:attachment":[{"href":"https:\/\/www.nonegative.fi\/index.php\/wp-json\/wp\/v2\/media?parent=892"}],"curies":[{"name":"wp","href":"https:\/\/api.w.org\/{rel}","templated":true}]}}